 1508129?
7, 215447
What are the prime factors of 482035?
5, 17, 53, 107
What are the prime factors of 2822548?
2, 467, 1511
List the prime factors of 5476937.
5476937
What are the prime factors of 7036733?
11, 639703
What are the prime factors of 311714?
2, 13, 19, 631
What are the prime factors of 1552947?
3, 11, 47059
List the prime factors of 443851.
443851
List the prime factors of 1811783.
19, 167, 571
What are the prime factors of 404598?
2, 3, 67433
What are the prime factors of 287073?
3, 167, 191
List the prime factors of 1043091.
3, 7, 5519
What are the prime factors of 944951?
7, 61, 2213
List the prime factors of 28165629.
3, 71, 132233
What are the prime factors of 476171?
83, 5737
List the prime factors of 3338914.
2, 503, 3319
What are the prime factors of 292523?
7, 11, 29, 131
What are the prime factors of 623552?
2, 9743
List the prime factors of 2277991.
109, 20899
What are the prime factors of 3054256?
2, 190891
List the prime factors of 327451.
23, 619
What are the prime factors of 159733?
7, 19, 1201
What are the prime factors of 324348?
2, 3, 151, 179
List the prime factors of 12554036.
2, 11, 41, 6959
What are the prime factors of 375347?
7, 29, 43
What are the prime factors of 434793?
3, 144931
List the prime factors of 492987.
3, 11, 14939
What are the prime factors of 13670090?
2, 5, 7, 401, 487
List the prime factors of 1412605.
5, 151, 1871
List the prime factors of 38424.
2, 3, 1601
What are the prime factors of 965774?
2, 31, 37, 421
What are the prime factors of 2010628?
2, 29, 17333
What are the prime factors of 35748203?
35748203
List the prime factors of 6635.
5, 1327
List the prime factors of 35310.
2, 3, 5, 11, 107
List the prime factors of 23459.
23459
What are the prime factors of 778309?
7, 111187
List the prime factors of 245864.
2, 73, 421
What are the prime factors of 659785?
5, 7, 2693
What are the prime factors of 231133?
7, 53, 89
What are the prime factors of 188321?
7, 26903
List the prime factors of 55992.
2, 3, 2333
List the prime factors of 6692450.
2, 5, 137, 977
List the prime factors of 9883929.
3, 11, 299513
List the prime factors of 1959920.
2, 5, 24499
List the prime factors of 1162059.
3, 19, 29, 37
List the prime factors of 2445907.
2445907
What are the prime factors of 46600?
2, 5, 233
What are the prime factors of 1746228?
2, 3, 11, 13229
What are the prime factors of 137692?
2, 29, 1187
List the prime factors of 522987.
3, 174329
List the prime factors of 7152182.
2, 3576091
List the prime factors of 368673.
3, 122891
List the prime factors of 1211851.
449, 2699
List the prime factors of 2596113.
3, 13, 22189
What are the prime factors of 24599?
17, 1447
What are the prime factors of 584419?
11, 53129
List the prime factors of 907152.
2, 3, 18899
What are the prime factors of 472066?
2, 7, 4817
What are the prime factors of 3190529?
503, 6343
List the prime factors of 295300.
2, 5, 2953
List the prime factors of 929328.
2, 3, 19, 1019
List the prime factors of 2950708.
2, 59, 12503
What are the prime factors of 646391?
17, 47, 809
What are the prime factors of 9669679?
79, 122401
What are the prime factors of 370448?
2, 13, 137
List the prime factors of 5285359.
127, 41617
What are the prime factors of 4762712?
2, 595339
List the prime factors of 734339.
37, 89, 223
What are the prime factors of 329935?
5, 19, 23, 151
What are the prime factors of 7208749?
97, 74317
What are the prime factors of 377511?
3, 19, 37, 179
List the prime factors of 18965354.
2, 9482677
List the prime factors of 9773889.
3, 53, 61471
List the prime factors of 18405231.
3, 13, 471929
List the prime factors of 1538629.
1538629
List the prime factors of 952107.
3, 13, 24413
What are the prime factors of 662057?
11, 139, 433
What are the prime factors of 409518?
2, 3, 22751
What are the prime factors of 67896?
2, 3, 23, 41
What are the prime factors of 12517416?
2, 3, 47, 137
What are the prime factors of 118334?
2, 59167
List the prime factors of 912565.
5, 229, 797
List the prime factors of 241210.
2, 5, 24121
List the prime factors of 3481408.
2, 7, 19, 409
List the prime factors of 3548052.
2, 3, 67, 1471
What are the prime factors of 1986677?
7, 11, 25801
List the prime factors of 12704605.
5, 277, 9173
What are the prime factors of 7905044?
2, 7, 103, 2741
List the prime factors of 429576.
2, 3, 7, 2557
List the prime factors of 216981.
3, 24109
What are the prime factors of 4227108?
2, 3, 131, 2689
List the prime factors of 332410.
2, 5, 13, 2557
What are the prime factors of 223777?
109, 2053
List the prime factors of 5247072.
2, 3, 6073
What are the prime factors of 1501459?
223, 6733
What are the prime factors of 1201639?
61, 19699
What are the prime factors of 505274?
2, 7, 11, 17, 193
What are the prime factors of 1487747?
557, 2671
What are the prime factors of 2261572?
2, 565393
List the prime factors of 867767.
23, 29, 1301
What are the prime factors of 2814893?
31, 90803
What are the prime factors of 2096513?
709, 2957
List the prime factors of 384194.
2, 192097
List the prime factors of 760187.
760187
What are the prime factors of 524286?
2, 3, 7, 19, 73
What are the prime factors of 137318?
2, 68659
List the prime factors of 32358032.
2, 7, 149, 277
List the prime factors of 252226.
2, 13, 89, 109
List the prime factors of 5017270.
2, 5, 109, 4603
What are the prime factors of 7071932?
2, 7, 17, 83, 179
List the prime factors of 17012524.
2, 19, 223849
List the prime factors of 1752578.
2, 683, 1283
List the prime factors of 5968573.
13, 35317
List the prime factors of 2847905.
5, 569581
What are the prime factors of 4243498?
2, 7, 19, 43, 53
What are the prime factors of 265346?
2, 181, 733
What are the prime factors of 199655?
5, 73, 547
List the prime factors of 28084.
2, 7, 17, 59
What are the prime factors of 9358683?
3, 31, 103, 977
List the prime factors of 156811.
191, 821
What are the prime factors of 351290?
2, 5, 35129
List the prime factors of 413289.
3, 15307
What are the prime factors of 634532?
2, 158633
List the prime factors of 56003.
56003
List the prime factors of 1429782.
2, 3, 31, 7687
What are the prime factors of 267559?
23, 11633
What are the prime factors of 158135?
5, 31627
List the prime factors of 21697204.
2, 5424301
List the prime factors of 1081813.
1081813
What are the prime factors of 2057689?
2057689
What are the prime factors of 479202?
2, 3, 79867
List the prime factors of 11538717.
3, 3846239
List the prime factors of 289129.
289129
What are the prime factors of 12450353?
251, 49603
List the prime factors of 809702.
2, 404851
What are the prime factors of 46604?
2, 61, 191
What are the prime factors of 40346?
2, 20173
What are the prime factors of 4426733?
139, 31847
What are the prime factors of 3606132?
2, 3, 300511
List the prime factors of 479934.
2, 3, 7, 13, 293
List the prime factors of 46100.
2, 5, 461
What are the prime factors of 289485?
3, 5, 7, 919
List the prime factors of 4374567.
3, 53, 1019
List the prime factors of 647177.
227, 2851
What are the prime factors of 8728983?
3, 23, 42169
List the prime factors of 599466.
2, 3, 7, 2039
What are the prime factors of 5722266?
2, 3, 11, 277, 313
What are the prime factors of 2994078?
2, 3, 569, 877
What are the prime factors of 336058?
2, 168029
List the prime factors of 334609.
11, 19, 1601
List the prime factors of 4986604.
2, 7, 178093
What are the prime factors of 298042?
2, 149021
What are the prime factors of 9814369?
2659, 3691
What are the prime factors of 2297161?
277, 8293
List the prime factors of 752096.
2, 19, 1237
List the prime factors of 16151.
31, 521
What are the prime factors of 6075433?
7, 13, 66763
What are the prime factors of 710362?
2, 17, 1229
List the prime factors of 414074.
2, 207037
List the prime factors of 2417434.
2, 17, 97, 733
What are the prime factors of 109283?
103, 1061
What are the prime factors of 106249?
11, 13, 743
List the prime factors of 35766352.
2, 367, 6091
List the prime factors of 385935.
3, 5, 11, 2339
What are the prime factors of 3792529?
13, 22441
What are the prime factors of 2696827?
7, 385261
List the prime factors of 6191561.
61, 101501
List the prime factors of 301267.
301267
List the prime factors of 47238.
2, 3, 7873
What are the 